[INFO] cloning repository https://github.com/Velfolt/voicetime
[INFO] running `Command { std: "git" "-c" "credential.helper=" "-c" "credential.helper=/workspace/cargo-home/bin/git-credential-null" "clone" "--bare" "https://github.com/Velfolt/voicetime" "/workspace/cache/git-repos/https%3A%2F%2Fgithub.com%2FVelfolt%2Fvoicetime", kill_on_drop: false }`
[INFO] [stderr] Cloning into bare repository '/workspace/cache/git-repos/https%3A%2F%2Fgithub.com%2FVelfolt%2Fvoicetime'...
[INFO] running `Command { std: "git" "rev-parse" "HEAD", kill_on_drop: false }`
[INFO] [stdout] 0ec632b21aed0352aa1142a5bf9b6a9b90a5e259
[INFO] checking Velfolt/voicetime against master#cfbc6d4cf1acbac5c025acf8ed68929caa551df3 for pr-75494-beta
[INFO] running `Command { std: "git" "clone" "/workspace/cache/git-repos/https%3A%2F%2Fgithub.com%2FVelfolt%2Fvoicetime" "/workspace/builds/worker-12/source", kill_on_drop: false }`
[INFO] [stderr] Cloning into '/workspace/builds/worker-12/source'...
[INFO] [stderr] done.
[INFO] validating manifest of git repo https://github.com/Velfolt/voicetime on toolchain cfbc6d4cf1acbac5c025acf8ed68929caa551df3
[INFO] running `Command { std: "/workspace/cargo-home/bin/cargo" "+cfbc6d4cf1acbac5c025acf8ed68929caa551df3" "read-manifest" "--manifest-path" "Cargo.toml", kill_on_drop: false }`
[INFO] started tweaking git repo https://github.com/Velfolt/voicetime
[INFO] finished tweaking git repo https://github.com/Velfolt/voicetime
[INFO] tweaked toml for git repo https://github.com/Velfolt/voicetime written to /workspace/builds/worker-12/source/Cargo.toml
[INFO] crate git repo https://github.com/Velfolt/voicetime already has a lockfile, it will not be regenerated
[INFO] running `Command { std: "/workspace/cargo-home/bin/cargo" "+cfbc6d4cf1acbac5c025acf8ed68929caa551df3" "fetch" "--locked" "--manifest-path" "Cargo.toml", kill_on_drop: false }`
[INFO] [stderr]     Updating git repository `https://github.com/Velfolt/rust-openal.git`
[INFO] [stderr]  Downloading crates ...
[INFO] [stderr]   Downloaded futures-executor v0.2.1
[INFO] [stderr]   Downloaded quote v0.6.2
[INFO] [stderr]   Downloaded futures-core v0.2.1
[INFO] [stderr]   Downloaded futures-io v0.2.1
[INFO] [stderr]   Downloaded tokio-fs v0.1.0
[INFO] [stderr]   Downloaded bytes v0.4.7
[INFO] [stderr]   Downloaded serde_derive v1.0.59
[INFO] [stderr]   Downloaded tokio-threadpool v0.1.3
[INFO] [stderr]   Downloaded bincode v0.8.0
[INFO] [stderr]   Downloaded futures-stable v0.2.1
[INFO] [stderr]   Downloaded serde v1.0.59
[INFO] [stderr]   Downloaded syn v0.14.0
[INFO] [stderr]   Downloaded chan-signal v0.3.1
[INFO] [stderr]   Downloaded futures-async-runtime v0.2.1
[INFO] [stderr]   Downloaded openal-sys v1.16.0
[INFO] [stderr]   Downloaded futures-sink v0.2.1
[INFO] [stderr]   Downloaded proc-macro2 v0.4.3
[INFO] [stderr]   Downloaded chan v0.1.21
[INFO] [stderr]   Downloaded futures v0.2.1
[INFO] [stderr]   Downloaded futures-channel v0.2.1
[INFO] [stderr]   Downloaded tokio-timer v0.2.3
[INFO] [stderr]   Downloaded tokio v0.1.6
[INFO] [stderr]   Downloaded futures-util v0.2.1
[INFO] running `Command { std: "docker" "create" "-v" "/var/lib/crater-agent-workspace/builds/worker-12/target:/opt/rustwide/target:rw,Z" "-v" "/var/lib/crater-agent-workspace/builds/worker-12/source:/opt/rustwide/workdir:ro,Z" "-v" "/var/lib/crater-agent-workspace/cargo-home:/opt/rustwide/cargo-home:ro,Z" "-v" "/var/lib/crater-agent-workspace/rustup-home:/opt/rustwide/rustup-home:ro,Z" "-e" "SOURCE_DIR=/opt/rustwide/workdir" "-e" "CARGO_TARGET_DIR=/opt/rustwide/target" "-e" "CARGO_HOME=/opt/rustwide/cargo-home" "-e" "RUSTUP_HOME=/opt/rustwide/rustup-home" "-w" "/opt/rustwide/workdir" "-m" "1610612736" "--user" "0:0" "--network" "none" "rustops/crates-build-env@sha256:a636fd89d022f18117e1dc8fb37a0a009933cdbbe082814857f0e2024962d47c" "/opt/rustwide/cargo-home/bin/cargo" "+cfbc6d4cf1acbac5c025acf8ed68929caa551df3" "metadata" "--no-deps" "--format-version=1", kill_on_drop: false }`
[INFO] [stdout] bf2015fa6572e1e935c57121d9c45b5677379ad7f1665bde37d33f412a6b86d0
[INFO] [stderr] WARNING: Your kernel does not support swap limit capabilities or the cgroup is not mounted. Memory limited without swap.
[INFO] running `Command { std: "docker" "start" "-a" "bf2015fa6572e1e935c57121d9c45b5677379ad7f1665bde37d33f412a6b86d0", kill_on_drop: false }`
[INFO] running `Command { std: "docker" "inspect" "bf2015fa6572e1e935c57121d9c45b5677379ad7f1665bde37d33f412a6b86d0", kill_on_drop: false }`
[INFO] running `Command { std: "docker" "rm" "-f" "bf2015fa6572e1e935c57121d9c45b5677379ad7f1665bde37d33f412a6b86d0", kill_on_drop: false }`
[INFO] [stdout] bf2015fa6572e1e935c57121d9c45b5677379ad7f1665bde37d33f412a6b86d0
[INFO] running `Command { std: "docker" "create" "-v" "/var/lib/crater-agent-workspace/builds/worker-12/target:/opt/rustwide/target:rw,Z" "-v" "/var/lib/crater-agent-workspace/builds/worker-12/source:/opt/rustwide/workdir:ro,Z" "-v" "/var/lib/crater-agent-workspace/cargo-home:/opt/rustwide/cargo-home:ro,Z" "-v" "/var/lib/crater-agent-workspace/rustup-home:/opt/rustwide/rustup-home:ro,Z" "-e" "SOURCE_DIR=/opt/rustwide/workdir" "-e" "CARGO_TARGET_DIR=/opt/rustwide/target" "-e" "CARGO_INCREMENTAL=0" "-e" "RUST_BACKTRACE=full" "-e" "RUSTFLAGS=--cap-lints=forbid" "-e" "CARGO_HOME=/opt/rustwide/cargo-home" "-e" "RUSTUP_HOME=/opt/rustwide/rustup-home" "-w" "/opt/rustwide/workdir" "-m" "1610612736" "--user" "0:0" "--network" "none" "rustops/crates-build-env@sha256:a636fd89d022f18117e1dc8fb37a0a009933cdbbe082814857f0e2024962d47c" "/opt/rustwide/cargo-home/bin/cargo" "+cfbc6d4cf1acbac5c025acf8ed68929caa551df3" "check" "--frozen" "--all" "--all-targets" "--message-format=json", kill_on_drop: false }`
[INFO] [stdout] c0d8e06616cd6b2e6ca49a51dcc0565f0efadabf14af35a7e8b60ef669d310c2
[INFO] [stderr] WARNING: Your kernel does not support swap limit capabilities or the cgroup is not mounted. Memory limited without swap.
[INFO] running `Command { std: "docker" "start" "-a" "c0d8e06616cd6b2e6ca49a51dcc0565f0efadabf14af35a7e8b60ef669d310c2", kill_on_drop: false }`
[INFO] [stderr]     Checking futures v0.1.21
[INFO] [stderr]     Checking lazy_static v1.0.0
[INFO] [stderr]     Checking either v1.5.0
[INFO] [stderr]     Checking slab v0.4.0
[INFO] [stderr]     Checking lazycell v0.6.0
[INFO] [stderr]    Compiling unicode-xid v0.1.0
[INFO] [stderr]    Compiling serde v1.0.59
[INFO] [stderr]     Checking argparse v0.2.1
[INFO] [stderr]     Checking iovec v0.1.2
[INFO] [stderr]     Checking num_cpus v1.8.0
[INFO] [stderr]     Checking rand v0.4.2
[INFO] [stderr]     Checking openal-sys v1.16.0
[INFO] [stderr]     Checking log v0.4.1
[INFO] [stderr]     Checking net2 v0.2.32
[INFO] [stderr]     Checking crossbeam-utils v0.3.2
[INFO] [stderr]     Checking bit-set v0.4.0
[INFO] [stderr]    Compiling num-traits v0.2.4
[INFO] [stderr]     Checking openal v0.2.1 (https://github.com/Velfolt/rust-openal.git#35649c9a)
[INFO] [stderr]    Compiling proc-macro2 v0.4.3
[INFO] [stderr]     Checking bytes v0.4.7
[INFO] [stderr]     Checking crossbeam-epoch v0.4.1
[INFO] [stderr]     Checking futures-core v0.2.1
[INFO] [stderr]     Checking mio v0.6.14
[INFO] [stderr]     Checking futures-channel v0.2.1
[INFO] [stderr]     Checking futures-io v0.2.1
[INFO] [stderr]     Checking crossbeam-deque v0.3.1
[INFO] [stderr]     Checking futures-sink v0.2.1
[INFO] [stderr]    Compiling quote v0.6.2
[INFO] [stderr]     Checking rand v0.3.22
[INFO] [stderr]     Checking futures-util v0.2.1
[INFO] [stderr]    Compiling syn v0.14.0
[INFO] [stderr]     Checking chan v0.1.21
[INFO] [stderr]     Checking num-traits v0.1.43
[INFO] [stderr]     Checking chan-signal v0.3.1
[INFO] [stderr]     Checking tokio-executor v0.1.2
[INFO] [stderr]     Checking tokio-io v0.1.6
[INFO] [stderr]     Checking futures-cpupool v0.1.8
[INFO] [stderr]     Checking tokio-threadpool v0.1.3
[INFO] [stderr]     Checking tokio-timer v0.2.3
[INFO] [stderr]     Checking futures-executor v0.2.1
[INFO] [stderr]     Checking futures-stable v0.2.1
[INFO] [stderr]     Checking tokio-reactor v0.1.1
[INFO] [stderr]     Checking futures-async-runtime v0.2.1
[INFO] [stderr]     Checking tokio-fs v0.1.0
[INFO] [stderr]     Checking futures v0.2.1
[INFO] [stderr]     Checking tokio-tcp v0.1.0
[INFO] [stderr]     Checking tokio-udp v0.1.0
[INFO] [stderr]     Checking tokio v0.1.6
[INFO] [stderr]    Compiling serde_derive v1.0.59
[INFO] [stderr]     Checking bincode v0.8.0
[INFO] [stderr]     Checking voicetime v0.2.0 (/opt/rustwide/workdir)
[INFO] [stdout] error[E0271]: type mismatch resolving `<futures::sink::send_all::SendAll<tokio::prelude::stream::SplitSink<tokio::net::UdpFramed<GurkCodec>>, tokio::prelude::stream::SplitStream<tokio::net::UdpFramed<GurkCodec>>> as tokio::prelude::IntoFuture>::Error == ()`
[INFO] [stdout]    --> src/main.rs:222:25
[INFO] [stdout]     |
[INFO] [stdout] 222 |         tokio::run(data.join(a).map(|_| {}).map_err(|e| println!("error = {:?}", e)));
[INFO] [stdout]     |                         ^^^^ expected struct `std::io::Error`, found `()`
[INFO] [stdout] 
[INFO] [stdout] 
[INFO] [stdout] error[E0271]: type mismatch resolving `<futures::sink::send_all::SendAll<tokio::prelude::stream::SplitSink<tokio::net::UdpFramed<GurkCodec>>, tokio::prelude::stream::SplitStream<tokio::net::UdpFramed<GurkCodec>>> as tokio::prelude::Future>::Error == ()`
[INFO] [stdout]    --> src/main.rs:222:25
[INFO] [stdout]     |
[INFO] [stdout] 222 |         tokio::run(data.join(a).map(|_| {}).map_err(|e| println!("error = {:?}", e)));
[INFO] [stdout]     |                         ^^^^ expected `()`, found struct `std::io::Error`
[INFO] [stdout]     | 
[INFO] [stdout]    ::: /opt/rustwide/cargo-home/registry/src/github.com-1ecc6299db9ec823/futures-0.1.21/src/future/join.rs:17:32
[INFO] [stdout]     |
[INFO] [stdout] 17  |                   $($B: Future<Error=A::Error>),*
[INFO] [stdout]     |                                -------------- required by this bound in `tokio::prelude::future::Join`
[INFO] [stdout] 
[INFO] [stdout] 
[INFO] [stdout] error[E0271]: type mismatch resolving `<futures::sink::send_all::SendAll<tokio::prelude::stream::SplitSink<tokio::net::UdpFramed<GurkCodec>>, tokio::prelude::stream::SplitStream<tokio::net::UdpFramed<GurkCodec>>> as tokio::prelude::IntoFuture>::Error == ()`
[INFO] [stdout]    --> src/main.rs:222:25
[INFO] [stdout]     |
[INFO] [stdout] 222 |         tokio::run(data.join(a).map(|_| {}).map_err(|e| println!("error = {:?}", e)));
[INFO] [stdout]     |                         ^^^^ expected struct `std::io::Error`, found `()`
[INFO] [stdout] 
[INFO] [stdout] 
[INFO] [stdout] error[E0271]: type mismatch resolving `<futures::sink::send_all::SendAll<tokio::prelude::stream::SplitSink<tokio::net::UdpFramed<GurkCodec>>, tokio::prelude::stream::SplitStream<tokio::net::UdpFramed<GurkCodec>>> as tokio::prelude::Future>::Error == ()`
[INFO] [stdout]    --> src/main.rs:222:25
[INFO] [stdout]     |
[INFO] [stdout] 222 |         tokio::run(data.join(a).map(|_| {}).map_err(|e| println!("error = {:?}", e)));
[INFO] [stdout]     |                         ^^^^ expected `()`, found struct `std::io::Error`
[INFO] [stdout]     | 
[INFO] [stdout]    ::: /opt/rustwide/cargo-home/registry/src/github.com-1ecc6299db9ec823/futures-0.1.21/src/future/join.rs:17:32
[INFO] [stdout]     |
[INFO] [stdout] 17  |                   $($B: Future<Error=A::Error>),*
[INFO] [stdout]     |                                -------------- required by this bound in `tokio::prelude::future::Join`
[INFO] [stdout] 
[INFO] [stdout] 
[INFO] [stdout] error[E0599]: no method named `map` found for struct `tokio::prelude::future::Join<tokio::prelude::stream::ForEach<tokio::prelude::stream::MapErr<OpenALAudio<'_>, [closure@src/main.rs:208:22: 208:51]>, [closure@src/main.rs:209:23: 214:14 a_sink:_, server_addr:_], std::result::Result<(), ()>>, futures::sink::send_all::SendAll<tokio::prelude::stream::SplitSink<tokio::net::UdpFramed<GurkCodec>>, tokio::prelude::stream::SplitStream<tokio::net::UdpFramed<GurkCodec>>>>` in the current scope
[INFO] [stdout]    --> src/main.rs:222:33
[INFO] [stdout]     |
[INFO] [stdout] 222 |           tokio::run(data.join(a).map(|_| {}).map_err(|e| println!("error = {:?}", e)));
[INFO] [stdout]     |                                   ^^^ method not found in `tokio::prelude::future::Join<tokio::prelude::stream::ForEach<tokio::prelude::stream::MapErr<OpenALAudio<'_>, [closure@src/main.rs:208:22: 208:51]>, [closure@src/main.rs:209:23: 214:14 a_sink:_, server_addr:_], std::result::Result<(), ()>>, futures::sink::send_all::SendAll<tokio::prelude::stream::SplitSink<tokio::net::UdpFramed<GurkCodec>>, tokio::prelude::stream::SplitStream<tokio::net::UdpFramed<GurkCodec>>>>`
[INFO] [stdout]     | 
[INFO] [stdout]    ::: /opt/rustwide/cargo-home/registry/src/github.com-1ecc6299db9ec823/futures-0.1.21/src/sink/send_all.rs:9:1
[INFO] [stdout]     |
[INFO] [stdout] 9   |   pub struct SendAll<T, U: Stream> {
[INFO] [stdout]     |   -------------------------------- doesn't satisfy `<_ as tokio::prelude::Future>::Error = ()`
[INFO] [stdout]     | 
[INFO] [stdout]    ::: /opt/rustwide/cargo-home/registry/src/github.com-1ecc6299db9ec823/futures-0.1.21/src/future/join.rs:15:9
[INFO] [stdout]     |
[INFO] [stdout] 15  | /         pub struct $Join<A, $($B),*>
[INFO] [stdout] 16  | |             where A: Future,
[INFO] [stdout] 17  | |                   $($B: Future<Error=A::Error>),*
[INFO] [stdout] 18  | |         {
[INFO] [stdout] 19  | |             a: MaybeDone<A>,
[INFO] [stdout] 20  | |             $($B: MaybeDone<$B>,)*
[INFO] [stdout] 21  | |         }
[INFO] [stdout]     | |         -
[INFO] [stdout]     | |         |
[INFO] [stdout]     | |         doesn't satisfy `_: std::iter::Iterator`
[INFO] [stdout]     | |_________doesn't satisfy `_: tokio::prelude::Future`
[INFO] [stdout]     |           doesn't satisfy `_: tokio::prelude::Stream`
[INFO] [stdout]     |
[INFO] [stdout]     = note: the method `map` exists but the following trait bounds were not satisfied:
[INFO] [stdout]             `<futures::sink::send_all::SendAll<tokio::prelude::stream::SplitSink<tokio::net::UdpFramed<GurkCodec>>, tokio::prelude::stream::SplitStream<tokio::net::UdpFramed<GurkCodec>>> as tokio::prelude::Future>::Error = ()`
[INFO] [stdout]             which is required by `tokio::prelude::future::Join<tokio::prelude::stream::ForEach<tokio::prelude::stream::MapErr<OpenALAudio<'_>, [closure@src/main.rs:208:22: 208:51]>, [closure@src/main.rs:209:23: 214:14 a_sink:_, server_addr:_], std::result::Result<(), ()>>, futures::sink::send_all::SendAll<tokio::prelude::stream::SplitSink<tokio::net::UdpFramed<GurkCodec>>, tokio::prelude::stream::SplitStream<tokio::net::UdpFramed<GurkCodec>>>>: tokio::prelude::Future`
[INFO] [stdout]             `tokio::prelude::future::Join<tokio::prelude::stream::ForEach<tokio::prelude::stream::MapErr<OpenALAudio<'_>, [closure@src/main.rs:208:22: 208:51]>, [closure@src/main.rs:209:23: 214:14 a_sink:_, server_addr:_], std::result::Result<(), ()>>, futures::sink::send_all::SendAll<tokio::prelude::stream::SplitSink<tokio::net::UdpFramed<GurkCodec>>, tokio::prelude::stream::SplitStream<tokio::net::UdpFramed<GurkCodec>>>>: tokio::prelude::Stream`
[INFO] [stdout]             which is required by `&mut tokio::prelude::future::Join<tokio::prelude::stream::ForEach<tokio::prelude::stream::MapErr<OpenALAudio<'_>, [closure@src/main.rs:208:22: 208:51]>, [closure@src/main.rs:209:23: 214:14 a_sink:_, server_addr:_], std::result::Result<(), ()>>, futures::sink::send_all::SendAll<tokio::prelude::stream::SplitSink<tokio::net::UdpFramed<GurkCodec>>, tokio::prelude::stream::SplitStream<tokio::net::UdpFramed<GurkCodec>>>>: tokio::prelude::Stream`
[INFO] [stdout]             `tokio::prelude::future::Join<tokio::prelude::stream::ForEach<tokio::prelude::stream::MapErr<OpenALAudio<'_>, [closure@src/main.rs:208:22: 208:51]>, [closure@src/main.rs:209:23: 214:14 a_sink:_, server_addr:_], std::result::Result<(), ()>>, futures::sink::send_all::SendAll<tokio::prelude::stream::SplitSink<tokio::net::UdpFramed<GurkCodec>>, tokio::prelude::stream::SplitStream<tokio::net::UdpFramed<GurkCodec>>>>: tokio::prelude::Future`
[INFO] [stdout]             which is required by `&mut tokio::prelude::future::Join<tokio::prelude::stream::ForEach<tokio::prelude::stream::MapErr<OpenALAudio<'_>, [closure@src/main.rs:208:22: 208:51]>, [closure@src/main.rs:209:23: 214:14 a_sink:_, server_addr:_], std::result::Result<(), ()>>, futures::sink::send_all::SendAll<tokio::prelude::stream::SplitSink<tokio::net::UdpFramed<GurkCodec>>, tokio::prelude::stream::SplitStream<tokio::net::UdpFramed<GurkCodec>>>>: tokio::prelude::Future`
[INFO] [stdout]             `tokio::prelude::future::Join<tokio::prelude::stream::ForEach<tokio::prelude::stream::MapErr<OpenALAudio<'_>, [closure@src/main.rs:208:22: 208:51]>, [closure@src/main.rs:209:23: 214:14 a_sink:_, server_addr:_], std::result::Result<(), ()>>, futures::sink::send_all::SendAll<tokio::prelude::stream::SplitSink<tokio::net::UdpFramed<GurkCodec>>, tokio::prelude::stream::SplitStream<tokio::net::UdpFramed<GurkCodec>>>>: std::iter::Iterator`
[INFO] [stdout]             which is required by `&mut tokio::prelude::future::Join<tokio::prelude::stream::ForEach<tokio::prelude::stream::MapErr<OpenALAudio<'_>, [closure@src/main.rs:208:22: 208:51]>, [closure@src/main.rs:209:23: 214:14 a_sink:_, server_addr:_], std::result::Result<(), ()>>, futures::sink::send_all::SendAll<tokio::prelude::stream::SplitSink<tokio::net::UdpFramed<GurkCodec>>, tokio::prelude::stream::SplitStream<tokio::net::UdpFramed<GurkCodec>>>>: std::iter::Iterator`
[INFO] [stdout] 
[INFO] [stdout] 
[INFO] [stdout] error[E0599]: no method named `map` found for struct `tokio::prelude::future::Join<tokio::prelude::stream::ForEach<tokio::prelude::stream::MapErr<OpenALAudio<'_>, [closure@src/main.rs:208:22: 208:51]>, [closure@src/main.rs:209:23: 214:14 a_sink:_, server_addr:_], std::result::Result<(), ()>>, futures::sink::send_all::SendAll<tokio::prelude::stream::SplitSink<tokio::net::UdpFramed<GurkCodec>>, tokio::prelude::stream::SplitStream<tokio::net::UdpFramed<GurkCodec>>>>` in the current scope
[INFO] [stdout]    --> src/main.rs:222:33
[INFO] [stdout]     |
[INFO] [stdout] 222 |           tokio::run(data.join(a).map(|_| {}).map_err(|e| println!("error = {:?}", e)));
[INFO] [stdout]     |                                   ^^^ method not found in `tokio::prelude::future::Join<tokio::prelude::stream::ForEach<tokio::prelude::stream::MapErr<OpenALAudio<'_>, [closure@src/main.rs:208:22: 208:51]>, [closure@src/main.rs:209:23: 214:14 a_sink:_, server_addr:_], std::result::Result<(), ()>>, futures::sink::send_all::SendAll<tokio::prelude::stream::SplitSink<tokio::net::UdpFramed<GurkCodec>>, tokio::prelude::stream::SplitStream<tokio::net::UdpFramed<GurkCodec>>>>`
[INFO] [stdout]     | 
[INFO] [stdout]    ::: /opt/rustwide/cargo-home/registry/src/github.com-1ecc6299db9ec823/futures-0.1.21/src/sink/send_all.rs:9:1
[INFO] [stdout]     |
[INFO] [stdout] 9   |   pub struct SendAll<T, U: Stream> {
[INFO] [stdout]     |   -------------------------------- doesn't satisfy `<_ as tokio::prelude::Future>::Error = ()`
[INFO] [stdout]     | 
[INFO] [stdout]    ::: /opt/rustwide/cargo-home/registry/src/github.com-1ecc6299db9ec823/futures-0.1.21/src/future/join.rs:15:9
[INFO] [stdout]     |
[INFO] [stdout] 15  | /         pub struct $Join<A, $($B),*>
[INFO] [stdout] 16  | |             where A: Future,
[INFO] [stdout] 17  | |                   $($B: Future<Error=A::Error>),*
[INFO] [stdout] 18  | |         {
[INFO] [stdout] 19  | |             a: MaybeDone<A>,
[INFO] [stdout] 20  | |             $($B: MaybeDone<$B>,)*
[INFO] [stdout] 21  | |         }
[INFO] [stdout]     | |         -
[INFO] [stdout]     | |         |
[INFO] [stdout]     | |         doesn't satisfy `_: std::iter::Iterator`
[INFO] [stdout]     | |_________doesn't satisfy `_: tokio::prelude::Future`
[INFO] [stdout]     |           doesn't satisfy `_: tokio::prelude::Stream`
[INFO] [stdout]     |
[INFO] [stdout]     = note: the method `map` exists but the following trait bounds were not satisfied:
[INFO] [stdout]             `<futures::sink::send_all::SendAll<tokio::prelude::stream::SplitSink<tokio::net::UdpFramed<GurkCodec>>, tokio::prelude::stream::SplitStream<tokio::net::UdpFramed<GurkCodec>>> as tokio::prelude::Future>::Error = ()`
[INFO] [stdout]             which is required by `tokio::prelude::future::Join<tokio::prelude::stream::ForEach<tokio::prelude::stream::MapErr<OpenALAudio<'_>, [closure@src/main.rs:208:22: 208:51]>, [closure@src/main.rs:209:23: 214:14 a_sink:_, server_addr:_], std::result::Result<(), ()>>, futures::sink::send_all::SendAll<tokio::prelude::stream::SplitSink<tokio::net::UdpFramed<GurkCodec>>, tokio::prelude::stream::SplitStream<tokio::net::UdpFramed<GurkCodec>>>>: tokio::prelude::Future`
[INFO] [stdout]             `tokio::prelude::future::Join<tokio::prelude::stream::ForEach<tokio::prelude::stream::MapErr<OpenALAudio<'_>, [closure@src/main.rs:208:22: 208:51]>, [closure@src/main.rs:209:23: 214:14 a_sink:_, server_addr:_], std::result::Result<(), ()>>, futures::sink::send_all::SendAll<tokio::prelude::stream::SplitSink<tokio::net::UdpFramed<GurkCodec>>, tokio::prelude::stream::SplitStream<tokio::net::UdpFramed<GurkCodec>>>>: tokio::prelude::Stream`
[INFO] [stdout]             which is required by `&mut tokio::prelude::future::Join<tokio::prelude::stream::ForEach<tokio::prelude::stream::MapErr<OpenALAudio<'_>, [closure@src/main.rs:208:22: 208:51]>, [closure@src/main.rs:209:23: 214:14 a_sink:_, server_addr:_], std::result::Result<(), ()>>, futures::sink::send_all::SendAll<tokio::prelude::stream::SplitSink<tokio::net::UdpFramed<GurkCodec>>, tokio::prelude::stream::SplitStream<tokio::net::UdpFramed<GurkCodec>>>>: tokio::prelude::Stream`
[INFO] [stdout]             `tokio::prelude::future::Join<tokio::prelude::stream::ForEach<tokio::prelude::stream::MapErr<OpenALAudio<'_>, [closure@src/main.rs:208:22: 208:51]>, [closure@src/main.rs:209:23: 214:14 a_sink:_, server_addr:_], std::result::Result<(), ()>>, futures::sink::send_all::SendAll<tokio::prelude::stream::SplitSink<tokio::net::UdpFramed<GurkCodec>>, tokio::prelude::stream::SplitStream<tokio::net::UdpFramed<GurkCodec>>>>: tokio::prelude::Future`
[INFO] [stdout]             which is required by `&mut tokio::prelude::future::Join<tokio::prelude::stream::ForEach<tokio::prelude::stream::MapErr<OpenALAudio<'_>, [closure@src/main.rs:208:22: 208:51]>, [closure@src/main.rs:209:23: 214:14 a_sink:_, server_addr:_], std::result::Result<(), ()>>, futures::sink::send_all::SendAll<tokio::prelude::stream::SplitSink<tokio::net::UdpFramed<GurkCodec>>, tokio::prelude::stream::SplitStream<tokio::net::UdpFramed<GurkCodec>>>>: tokio::prelude::Future`
[INFO] [stdout]             `tokio::prelude::future::Join<tokio::prelude::stream::ForEach<tokio::prelude::stream::MapErr<OpenALAudio<'_>, [closure@src/main.rs:208:22: 208:51]>, [closure@src/main.rs:209:23: 214:14 a_sink:_, server_addr:_], std::result::Result<(), ()>>, futures::sink::send_all::SendAll<tokio::prelude::stream::SplitSink<tokio::net::UdpFramed<GurkCodec>>, tokio::prelude::stream::SplitStream<tokio::net::UdpFramed<GurkCodec>>>>: std::iter::Iterator`
[INFO] [stdout]             which is required by `&mut tokio::prelude::future::Join<tokio::prelude::stream::ForEach<tokio::prelude::stream::MapErr<OpenALAudio<'_>, [closure@src/main.rs:208:22: 208:51]>, [closure@src/main.rs:209:23: 214:14 a_sink:_, server_addr:_], std::result::Result<(), ()>>, futures::sink::send_all::SendAll<tokio::prelude::stream::SplitSink<tokio::net::UdpFramed<GurkCodec>>, tokio::prelude::stream::SplitStream<tokio::net::UdpFramed<GurkCodec>>>>: std::iter::Iterator`
[INFO] [stdout] 
[INFO] [stdout] 
[INFO] [stdout] error: aborting due to 3 previous errors
[INFO] [stdout] 
[INFO] [stdout] 
[INFO] [stdout] Some errors have detailed explanations: E0271, E0599.
[INFO] [stdout] 
[INFO] [stdout] For more information about an error, try `rustc --explain E0271`.
[INFO] [stdout] 
[INFO] [stdout] error: aborting due to 3 previous errors
[INFO] [stdout] 
[INFO] [stdout] 
[INFO] [stdout] Some errors have detailed explanations: E0271, E0599.
[INFO] [stdout] 
[INFO] [stdout] For more information about an error, try `rustc --explain E0271`.
[INFO] [stdout] 
[INFO] [stderr] error: could not compile `voicetime`.
[INFO] [stderr] 
[INFO] [stderr] To learn more, run the command again with --verbose.
[INFO] [stderr] warning: build failed, waiting for other jobs to finish...
[INFO] [stderr] error: build failed
[INFO] running `Command { std: "docker" "inspect" "c0d8e06616cd6b2e6ca49a51dcc0565f0efadabf14af35a7e8b60ef669d310c2", kill_on_drop: false }`
[INFO] running `Command { std: "docker" "rm" "-f" "c0d8e06616cd6b2e6ca49a51dcc0565f0efadabf14af35a7e8b60ef669d310c2", kill_on_drop: false }`
[INFO] [stdout] c0d8e06616cd6b2e6ca49a51dcc0565f0efadabf14af35a7e8b60ef669d310c2
